nder when 770459 is divided by 3.
2
Calculate the remainder when 2105 is divided by 585.
350
What is the remainder when 105732 is divided by 2?
0
Calculate the remainder when 13918 is divided by 13879.
39
Calculate the remainder when 81668 is divided by 67.
62
Calculate the remainder when 14596 is divided by 729.
16
Calculate the remainder when 86577 is divided by 60.
57
What is the remainder when 22651 is divided by 515?
506
What is the remainder when 14772 is divided by 819?
30
What is the remainder when 1477 is divided by 901?
576
What is the remainder when 163832 is divided by 223?
150
Calculate the remainder when 8044 is divided by 576.
556
What is the remainder when 3468 is divided by 3445?
23
What is the remainder when 722659 is divided by 84?
7
Calculate the remainder when 2871 is divided by 866.
273
What is the remainder when 2918341 is divided by 1144?
1141
What is the remainder when 16324 is divided by 296?
44
Calculate the remainder when 25647 is divided by 1681.
432
Calculate the remainder when 20275 is divided by 93.
1
Calculate the remainder when 317837 is divided by 1096.
1093
What is the remainder when 156642 is divided by 1599?
1539
What is the remainder when 1775631 is divided by 14?
11
Calculate the remainder when 186784 is divided by 155.
9
What is the remainder when 6508 is divided by 42?
40
What is the remainder when 8804 is divided by 227?
178
What is the remainder when 11587 is divided by 1928?
19
What is the remainder when 52864 is divided by 350?
14
What is the remainder when 159 is divided by 15?
9
Calculate the remainder when 11859 is divided by 339.
333
Calculate the remainder when 17191 is divided by 685.
66
What is the remainder when 508693 is divided by 33?
31
What is the remainder when 288872 is divided by 25?
22
Calculate the remainder when 18711 is divided by 60.
51
Calculate the remainder when 1347 is divided by 69.
36
Calculate the remainder when 1903 is divided by 72.
31
Calculate the remainder when 2741 is divided by 32.
21
Calculate the remainder when 1108247 is divided by 2095.
2087
What is the remainder when 10228 is divided by 131?
10
Calculate the remainder when 1367 is divided by 320.
87
Calculate the remainder when 1390 is divided by 1380.
10
What is the remainder when 13484 is divided by 1180?
504
What is the remainder when 4488 is divided by 503?
464
Calculate the remainder when 400163 is divided by 591.
56
Calculate the remainder when 189237 is divided by 63077.
6
Calculate the remainder when 99855 is divided by 19962.
45
What is the remainder when 144760 is divided by 3?
1
What is the remainder when 30968 is divided by 1505?
868
What is the remainder when 1761 is divided by 29?
21
Calculate the remainder when 56670 is divided by 86.
82
Calculate the remainder when 155276 is divided by 17.
15
What is the remainder when 74815 is divided by 243?
214
What is the remainder when 201787 is divided by 170?
167
What is the remainder when 29243 is divided by 61?
24
Calculate the remainder when 6915 is divided by 2284.
63
What is the remainder when 809869 is divided by 16?
13
Calculate the remainder when 447646 is divided by 72.
22
Calculate the remainder when 1393 is divided by 640.
113
What is the remainder when 8857 is divided by 627?
79
Calculate the remainder when 8208 is divided by 141.
30
Calculate the remainder when 12945 is divided by 188.
161
Calculate the remainder when 26551 is divided by 336.
7
Calculate the remainder when 439866 is divided by 174.
168
What is the remainder when 1101 is divided by 19?
18
What is the remainder when 8386 is divided by 58?
34
Calculate the remainder when 514 is divided by 31.
18
What is the remainder when 338979 is divided by 84743?
7
Calculate the remainder when 5174 is divided by 69.
68
Calculate the remainder when 18411 is divided by 3621.
306
Calculate the remainder when 430096 is divided by 468.
4
What is the remainder when 45013 is divided by 381?
55
Calculate the remainder when 3000 is divided by 173.
59
Calculate the remainder when 326292 is divided by 163123.
46
What is the remainder when 38746 is divided by 116?
2
Calculate the remainder when 87760 is divided by 13.
10
Calculate the remainder when 136663 is divided by 1243.
1176
Calculate the remainder when 4207475 is divided by 42.
41
What is the remainder when 26787 is divided by 538?
425
What is the remainder when 22208 is divided by 4070?
1858
Calculate the remainder when 18341 is divided by 216.
197
Calculate the remainder when 3875 is divided by 34.
33
Calculate the remainder when 975 is divided by 935.
40
Calculate the remainder when 137363 is divided by 68681.
1
What is the remainder when 1310 is divided by 184?
22
Calculate the remainder when 92097 is divided by 8.
1
What is the remainder when 12680 is divided by 3001?
676
What is the remainder when 95567 is divided by 33?
32
What is the remainder when 333214 is divided by 222?
214
What is the remainder when 200027 is divided by 69?
65
Calculate the remainder when 41653 is divided by 175.
3
Calculate the remainder when 158321 is divided by 407.
405
Calculate the remainder when 12957 is divided by 160.
157
Calculate the remainder when 6277 is divided by 450.
427
What is the remainder when 16868 is divided by 286?
280
What is the remainder when 60204 is divided by 1281?
1278
What is the remainder when 1292 is divided by 330?
302
What is the remainder when 10440 is divided by 359?
29
Calculate the remainder when 1467 is divided by 249.
222
What is the remainder when 11582 is divided by 2126?
952
Calculate the remainder when 1110 is divided by 575.
535
What is the remainder when 81861 is divided by 36?
33
Calculate the remainder when 55882 is divided by 134.
4
Calculate the remainder when 8808 is divided by 1760.
8
Calculate the remainder when 48262 is divided by 66.
16
Calculate the remainder when 6339 is divided by 94.
41
What is the remainder when 36105 is divided by 479?
180
Calculate the remainder when 16055 is divided by 46.
1
Calculate the remainder when 5102 is divided by 44.
42
What is the remainder when 26618 is divided by 47?
16
What is the remainder when 25275 is divided by 6313?
23
Calculate the remainder when 146739 is divided by 580.
579
What is the remainder when 87257 is divided by 209?
104
Calculate the remainder when 42333 is divided by 335.
123
What is the remainder when 213996 is divided by 42799?
1
What is the remainder when 62420 is divided by 118?
116
What is the remainder when 8129 is divided by 51?
20
Calculate the remainder when 264 is divided by 55.
44
What is the remainder when 1419757 is divided by 92?
13
What is the remainder when 11251 is divided by 17?
14
What is the remainder when 118832 is divided by 143?
142
Calculate the remainder when 139382 is divided by 69682.
18
What is the remainder when 213583 is divided by 71157?
112
Calculate the remainder when 9892 is divided by 3283.
43
Calculate the remainder when 21338 is divided by 97.
95
Calculate the remainder when 9065 is divided by 134.
87
What is the remainder when 2745 is divided by 20?
5
What is the remainder when 8005 is divided by 81?
67
What is the remainder when 817197 is divided by 720?
717
What is the remainder when 1702 is divided by 416?
38
What is the remainder when 144048 is divided by 430?
428
What is the remainder when 30062 is divided by 6004?
42
What is the remainder when 1240812 is divided by 57?
36
Calculate the remainder when 533777 is divided by 127.
123
What is the remainder when 595085 is divided by 134?
125
What is the remainder when 587 is divided by 98?
97
What is the remainder when 2512 is divided by 1249?
14
What is the remainder when 170712 is divided by 85344?
24
Calculate the remainder when 8684 is divided by 59.
11
What is the remainder when 6905 is divided by 1717?
37
What is the remainder when 34231 is divided by 141?
109
Calculate the remainder when 55345 is divided by 179.
34
What is the remainder when 5550 is divided by 113?
13
What is the remainder when 132168 is divided by 14684?
12
Calculate the remainder when 2531 is divided by 43.
37
Calculate the remainder when 476047 is divided by 25.
22
Calculate the remainder when 8367 is divided by 27.
24
Calculate the remainder when 20278 is divided by 701.
650
Calculate the